{"id":1830,"date":"2020-02-09T22:16:20","date_gmt":"2020-02-09T22:16:20","guid":{"rendered":"https:\/\/galeria-ipanema.com\/?page_id=1830"},"modified":"2020-02-28T11:50:57","modified_gmt":"2020-02-28T11:50:57","slug":"cruz-diez-um-olhar-sobre-a-cor","status":"publish","type":"page","link":"https:\/\/galeria-ipanema.com\/en\/cruz-diez-um-olhar-sobre-a-cor\/","title":{"rendered":"Cruz-D\u00edez: a look at the Color (Cruz-D\u00edez: Um olhar sobre a cor)"},"content":{"rendered":"\n<p class=\"wp-block-paragraph\"><strong>Ano da exposi\u00e7\u00e3o: 2014<\/strong><\/p>\n\n\n\n<p class=\"wp-block-paragraph\">Carlos Cruz-D\u00edez \u00e9 considerado o grande nome da arte cin\u00e9tica mundial. Sua proposta art\u00edstica, uma das mais originais do movimento, posiciona solidamente o tema da cor entre os pensadores contempor\u00e2neos.<\/p>\n\n\n\n<p class=\"wp-block-paragraph\">A carreira art\u00edstica do Maestro Carlos \u2013 um dos \u00faltimos pensadores da cor do s\u00e9culo XX \u2013 tem sido permanentemente marcada por investiga\u00e7\u00e3o incessante e permanente desenvolvimento de novas propostas. Cada trabalho \u00e9, ao mesmo tempo, um resultado e testemunho de uma pesquisa \u00e1rdua sobre v\u00e1rios aspectos dos fen\u00f4menos crom\u00e1ticos, que est\u00e3o \u00e0 procura de solu\u00e7\u00f5es eficientes, explorando materiais, formatos e processos. O espectador exerce papel fundamental na obra do artista, criando situa\u00e7\u00f5es novas e em constante muta\u00e7\u00e3o, de modo que sua configura\u00e7\u00e3o geral tamb\u00e9m trabalha uma unidade din\u00e2mica e constante.<\/p>\n\n\n\n<p class=\"wp-block-paragraph\">A linha rigorosa de investiga\u00e7\u00e3o que sustenta seu trabalho ao longo de seis d\u00e9cadas pode se resumir \u00e0 seguinte conclus\u00e3o: a cor \u00e9 uma situa\u00e7\u00e3o evolutiva, uma experi\u00eancia intimamente ligada ao tempo e espa\u00e7o.<\/p>\n\n\n\n<p class=\"wp-block-paragraph\">A Galeria de Arte Ipanema tem o orgulho de apresentar a exposi\u00e7\u00e3o \u201cCruz-D\u00edez: Um Olhar Sobre a Cor\u201d, reunindo obras in\u00e9ditas do maior artista cin\u00e9tico vivo do mundo. E, junto a nosso p\u00fablico, temos muito prazer em comemorar a inaugura\u00e7\u00e3o de nosso novo endere\u00e7o em Ipanema.<\/p>\n\n\n\n<p class=\"wp-block-paragraph\">Esperamos que aproveitem a exposi\u00e7\u00e3o tanto quanto n\u00f3s.<\/p>\n\n\n\n<p class=\"wp-block-paragraph\">Sejam bem-vindos!<\/p>\n\n\n\n<p class=\"wp-block-paragraph\">Luiz e Luciana S\u00e8ve<\/p>\n\n\n\n<h2 class=\"wp-block-heading\">[Minhas ideias sobre a Cor]<\/h2>\n\n\n\n<p class=\"wp-block-paragraph\">Minha obra e minha pesquisa mostraram que a cor n\u00e3o \u00e9 apenas \u201ca cor das coisas, a cor de um objeto espec\u00edfico ou, simplesmente, a cor de uma forma.\u201d<\/p>\n\n\n\n<p class=\"wp-block-paragraph\"><em>A cor \u00e9 uma situa\u00e7\u00e3o evolucion\u00e1ria&nbsp;<\/em>que causa impacto nos seres humanos com a mesma for\u00e7a \u2013 e at\u00e9 viol\u00eancia \u2013 que o frio, o calor, a libido, o som e outros.<\/p>\n\n\n\n<p class=\"wp-block-paragraph\">A informa\u00e7\u00e3o e o conhecimento que absorvemos ao longo dos s\u00e9culos nos impedem de descartar a ideia da \u201ccor art\u00edstica\u201d \u2013 pigmentos numa emuls\u00e3o aplicada sobre uma superf\u00edcie ou sobre vidro transparente. Isso significa que a cor sempre foi compreendida e usada como \u201calgo\u201d que acentua a forma; sempre foi usada como uma especificidade da forma.<\/p>\n\n\n\n<p class=\"wp-block-paragraph\">Em termos gerais, esse conceito n\u00e3o evoluiu; permaneceu est\u00e1tico, levando \u00e0 eterna associa\u00e7\u00e3o COR-FORMA: a&nbsp;<em>ma\u00e7\u00e3&nbsp;<\/em>vermelha&#8230; a&nbsp;<em>mesa&nbsp;<\/em>branca. Essa situa\u00e7\u00e3o pode ser ilustrada em termos gramaticais dizendo-se que a cor sempre foi o complemento do sujeito que \u00e9 a forma, de modo que a cor sempre foi vista como uma das caracter\u00edsticas da forma.<\/p>\n\n\n\n<p class=\"wp-block-paragraph\">No entanto, as defini\u00e7\u00f5es propostas por Arist\u00f3teles (384 A.C. &#8211; 322 A.C.); as teorias desenvolvidas por Goethe (1749-1832), Isaac Newton (1643-1727) e Thomas Young (1773-1829); o tratado articulado por Michel-Eug\u00e8ne Chevreul (1786-1889); e a pesquisa feita por Josef Albers (1888-1976) todos confirmam a&nbsp;<em>instabilidade da cor<\/em>.<\/p>\n\n\n\n<p class=\"wp-block-paragraph\">Apesar das conclus\u00f5es tiradas por esses c\u00e9lebres pesquisadores e corroboradas por documentos e provas cient\u00edficas, essa percep\u00e7\u00e3o da cor foi ignorada e \u00e9 por isso que a abordagem geral \u00e0 cor n\u00e3o evoluiu. Com poucas exce\u00e7\u00f5es, a cor foi usada na arte como um instrumento de perman\u00eancia e estabilidade, numa indiferen\u00e7a impensada a seu tra\u00e7o mais caracter\u00edstico, que \u00e9 sua mutabilidade essencial.<\/p>\n\n\n\n<p class=\"wp-block-paragraph\">Eu proponho o conceito de COR AUT\u00d4NOMA, sem especificidades, sem s\u00edmbolos, ocorrendo como um evento evolucion\u00e1rio no qual n\u00f3s estamos envolvidos.<\/p>\n\n\n\n<p class=\"wp-block-paragraph\">Ao longo da minha carreira crom\u00e1tica, eu tentei mostrar a cor como uma SITUA\u00c7\u00c3O FUGIDIA, como uma REALIDADE AUT\u00d4NOMA EM CONSTANTE MUTA\u00c7\u00c3O.<\/p>\n\n\n\n<p class=\"wp-block-paragraph\"><em>\u00c9 uma realidade&nbsp;<\/em>porque os eventos ocorrem no espa\u00e7o e no tempo real; eles n\u00e3o t\u00eam passado ou futuro, existem no presente perp\u00e9tuo.<\/p>\n\n\n\n<p class=\"wp-block-paragraph\"><em>\u00c9 aut\u00f4noma&nbsp;<\/em>porque sua express\u00e3o n\u00e3o depende de forma, especificidade ou mesmo de um suporte.<\/p>\n\n\n\n<p class=\"wp-block-paragraph\">Quando essas qualidades forem reconhecidas, uma dial\u00e9tica diferente poder\u00e1 se materializar entre o observador e a obra de arte, o que abrir\u00e1 um NOVO CANAL DE COMPREENS\u00c3O.<\/p>\n\n\n\n<p class=\"wp-block-paragraph\"><em>Os observadores ent\u00e3o poder\u00e3o&nbsp;<\/em>descobrir&nbsp;<em>sua habilidade de criar e destruir a cor atrav\u00e9s de seus pr\u00f3prios meios de percep\u00e7\u00e3o; e tamb\u00e9m poder\u00e3o encontrar sua pr\u00f3pria identifica\u00e7\u00e3o emocional.<\/em><\/p>\n\n\n\n<p class=\"wp-block-paragraph\">Nas minhas obras, a cor aparece e desaparece durante o di\u00e1logo com o espa\u00e7o e o tempo reais. O que tamb\u00e9m aparece \u00e9 o fato ineg\u00e1vel de que a informa\u00e7\u00e3o que n\u00f3s absorvemos e o conhecimento que memorizamos ao longo da vida provavelmente n\u00e3o s\u00e3o verdadeiros&#8230; pelo menos at\u00e9 certo ponto.<\/p>\n\n\n\n<p class=\"wp-block-paragraph\">Gra\u00e7as \u00e0 cor \u2013 quando \u00e9 abordada atrav\u00e9s de uma \u201cvis\u00e3o elementar\u201d livre de significados preexistentes \u2013 podemos despertar outros mecanismos sensoriais de apreens\u00e3o que s\u00e3o mais sutis e complexos do que aqueles gravados em n\u00f3s por nosso condicionamento cultural e a enxurrada de informa\u00e7\u00f5es que \u00e9 onipresente na sociedade contempor\u00e2nea.<\/p>\n\n\n\n<p class=\"wp-block-paragraph\">Carlos Cruz-D\u00edez, Paris , 1969<\/p>\n\n\n\n<p class=\"wp-block-paragraph\"><strong>Galeria de fotos<\/strong><\/p>\n\n\n\n<figure class=\"wp-block-image size-large\"><img data-recalc-dims=\"1\" loading=\"lazy\" decoding=\"async\" width=\"525\" height=\"290\" data-attachment-id=\"1832\" data-permalink=\"https:\/\/galeria-ipanema.com\/en\/cruz-diez-um-olhar-sobre-a-cor\/cruz_diez_transchromie_foto_interna-1\/\" data-orig-file=\"https:\/\/i0.wp.com\/galeria-ipanema.com\/wp-content\/uploads\/2020\/02\/cruz_diez_transchromie_foto_interna-1.jpg?fit=649%2C358&amp;ssl=1\" data-orig-size=\"649,358\" data-comments-opened=\"1\" data-image-meta=\"{&quot;aperture&quot;:&quot;0&quot;,&quot;credit&quot;:&quot;&quot;,&quot;camera&quot;:&quot;&quot;,&quot;caption&quot;:&quot;&quot;,&quot;created_timestamp&quot;:&quot;0&quot;,&quot;copyright&quot;:&quot;&quot;,&quot;focal_length&quot;:&quot;0&quot;,&quot;iso&quot;:&quot;0&quot;,&quot;shutter_speed&quot;:&quot;0&quot;,&quot;title&quot;:&quot;&quot;,&quot;orientation&quot;:&quot;1&quot;}\" data-image-title=\"cruz_diez_transchromie_foto_interna-1\" data-image-description=\"\" data-image-caption=\"\" data-large-file=\"https:\/\/i0.wp.com\/galeria-ipanema.com\/wp-content\/uploads\/2020\/02\/cruz_diez_transchromie_foto_interna-1.jpg?fit=525%2C290&amp;ssl=1\" src=\"https:\/\/i0.wp.com\/galeria-ipanema.com\/wp-content\/uploads\/2020\/02\/cruz_diez_transchromie_foto_interna-1.jpg?resize=525%2C290&#038;ssl=1\" alt=\"\" class=\"wp-image-1832\" srcset=\"https:\/\/i0.wp.com\/galeria-ipanema.com\/wp-content\/uploads\/2020\/02\/cruz_diez_transchromie_foto_interna-1.jpg?w=649&amp;ssl=1 649w, https:\/\/i0.wp.com\/galeria-ipanema.com\/wp-content\/uploads\/2020\/02\/cruz_diez_transchromie_foto_interna-1.jpg?resize=300%2C165&amp;ssl=1 300w\" sizes=\"auto, (max-width: 525px) 100vw, 525px\" \/><\/figure>\n\n\n\n<p class=\"wp-block-paragraph\"><\/p>\n","protected":false},"excerpt":{"rendered":"<p>Ano da exposi\u00e7\u00e3o: 2014 Carlos Cruz-D\u00edez \u00e9 considerado o grande nome da arte cin\u00e9tica mundial. Sua proposta art\u00edstica, uma das mais originais do movimento, posiciona solidamente o tema da cor entre os pensadores contempor\u00e2neos. A carreira art\u00edstica do Maestro Carlos \u2013 um dos \u00faltimos pensadores da cor do s\u00e9culo XX \u2013 tem sido permanentemente marcada &hellip; <\/p>\n<p class=\"link-more\"><a href=\"https:\/\/galeria-ipanema.com\/en\/cruz-diez-um-olhar-sobre-a-cor\/\" class=\"more-link\">Continue reading<span class=\"screen-reader-text\"> &#8220;Cruz-D\u00edez: Um olhar sobre a cor&#8221;<\/span><\/a><\/p>","protected":false},"author":178370742,"featured_media":0,"parent":0,"menu_order":0,"comment_status":"closed","ping_status":"closed","template":"","meta":{"_coblocks_attr":"","_coblocks_dimensions":"","_coblocks_responsive_height":"","_coblocks_accordion_ie_support":"","advanced_seo_description":"","jetpack_seo_html_title":"","jetpack_seo_noindex":false,"jetpack_seo_schema_type":"","_wpcom_ai_launchpad_about_page":false,"_wpcom_ai_launchpad_gallery_page":false,"_wpcom_ai_launchpad_contact_page":false,"_wpcom_ai_launchpad_events_page":false,"_wpcom_ai_launchpad_video_page":false,"_wpcom_ai_launchpad_portfolio_piece":false,"footnotes":""},"class_list":["post-1830","page","type-page","status-publish","hentry"],"jetpack_likes_enabled":false,"jetpack_sharing_enabled":false,"jetpack_shortlink":"https:\/\/wp.me\/PbBA92-tw","amp_enabled":true,"_links":{"self":[{"href":"https:\/\/galeria-ipanema.com\/en\/wp-json\/wp\/v2\/pages\/1830","targetHints":{"allow":["GET"]}}],"collection":[{"href":"https:\/\/galeria-ipanema.com\/en\/wp-json\/wp\/v2\/pages"}],"about":[{"href":"https:\/\/galeria-ipanema.com\/en\/wp-json\/wp\/v2\/types\/page"}],"author":[{"embeddable":true,"href":"https:\/\/galeria-ipanema.com\/en\/wp-json\/wp\/v2\/users\/178370742"}],"replies":[{"embeddable":true,"href":"https:\/\/galeria-ipanema.com\/en\/wp-json\/wp\/v2\/comments?post=1830"}],"version-history":[{"count":2,"href":"https:\/\/galeria-ipanema.com\/en\/wp-json\/wp\/v2\/pages\/1830\/revisions"}],"predecessor-version":[{"id":1847,"href":"https:\/\/galeria-ipanema.com\/en\/wp-json\/wp\/v2\/pages\/1830\/revisions\/1847"}],"wp:attachment":[{"href":"https:\/\/galeria-ipanema.com\/en\/wp-json\/wp\/v2\/media?parent=1830"}],"curies":[{"name":"wp","href":"https:\/\/api.w.org\/{rel}","templated":true}]}}

Cruz-Díez: a look at the Color (Cruz-Díez: Um olhar sobre a cor)

<p class="wp-block-paragraph"><strong>Ano da exposição: 2014</strong></p>



<p class="wp-block-paragraph">Carlos Cruz-Díez é considerado o grande nome da arte cinética mundial. Sua proposta artística, uma das mais originais do movimento, posiciona solidamente o tema da cor entre os pensadores contemporâneos.</p>



<p class="wp-block-paragraph">A carreira artística do Maestro Carlos – um dos últimos pensadores da cor do século XX – tem sido permanentemente marcada por investigação incessante e permanente desenvolvimento de novas propostas. Cada trabalho é, ao mesmo tempo, um resultado e testemunho de uma pesquisa árdua sobre vários aspectos dos fenômenos cromáticos, que estão à procura de soluções eficientes, explorando materiais, formatos e processos. O espectador exerce papel fundamental na obra do artista, criando situações novas e em constante mutação, de modo que sua configuração geral também trabalha uma unidade dinâmica e constante.</p>



<p class="wp-block-paragraph">A linha rigorosa de investigação que sustenta seu trabalho ao longo de seis décadas pode se resumir à seguinte conclusão: a cor é uma situação evolutiva, uma experiência intimamente ligada ao tempo e espaço.</p>



<p class="wp-block-paragraph">A Galeria de Arte Ipanema tem o orgulho de apresentar a exposição “Cruz-Díez: Um Olhar Sobre a Cor”, reunindo obras inéditas do maior artista cinético vivo do mundo. E, junto a nosso público, temos muito prazer em comemorar a inauguração de nosso novo endereço em Ipanema.</p>



<p class="wp-block-paragraph">Esperamos que aproveitem a exposição tanto quanto nós.</p>



<p class="wp-block-paragraph">Sejam bem-vindos!</p>



<p class="wp-block-paragraph">Luiz e Luciana Sève</p>



<h2 class="wp-block-heading">[Minhas ideias sobre a Cor]</h2>



<p class="wp-block-paragraph">Minha obra e minha pesquisa mostraram que a cor não é apenas “a cor das coisas, a cor de um objeto específico ou, simplesmente, a cor de uma forma.”</p>



<p class="wp-block-paragraph"><em>A cor é uma situação evolucionária&nbsp;</em>que causa impacto nos seres humanos com a mesma força – e até violência – que o frio, o calor, a libido, o som e outros.</p>



<p class="wp-block-paragraph">A informação e o conhecimento que absorvemos ao longo dos séculos nos impedem de descartar a ideia da “cor artística” – pigmentos numa emulsão aplicada sobre uma superfície ou sobre vidro transparente. Isso significa que a cor sempre foi compreendida e usada como “algo” que acentua a forma; sempre foi usada como uma especificidade da forma.</p>



<p class="wp-block-paragraph">Em termos gerais, esse conceito não evoluiu; permaneceu estático, levando à eterna associação COR-FORMA: a&nbsp;<em>maçã&nbsp;</em>vermelha&#8230; a&nbsp;<em>mesa&nbsp;</em>branca. Essa situação pode ser ilustrada em termos gramaticais dizendo-se que a cor sempre foi o complemento do sujeito que é a forma, de modo que a cor sempre foi vista como uma das características da forma.</p>



<p class="wp-block-paragraph">No entanto, as definições propostas por Aristóteles (384 A.C. &#8211; 322 A.C.); as teorias desenvolvidas por Goethe (1749-1832), Isaac Newton (1643-1727) e Thomas Young (1773-1829); o tratado articulado por Michel-Eugène Chevreul (1786-1889); e a pesquisa feita por Josef Albers (1888-1976) todos confirmam a&nbsp;<em>instabilidade da cor</em>.</p>



<p class="wp-block-paragraph">Apesar das conclusões tiradas por esses célebres pesquisadores e corroboradas por documentos e provas científicas, essa percepção da cor foi ignorada e é por isso que a abordagem geral à cor não evoluiu. Com poucas exceções, a cor foi usada na arte como um instrumento de permanência e estabilidade, numa indiferença impensada a seu traço mais característico, que é sua mutabilidade essencial.</p>



<p class="wp-block-paragraph">Eu proponho o conceito de COR AUTÔNOMA, sem especificidades, sem símbolos, ocorrendo como um evento evolucionário no qual nós estamos envolvidos.</p>



<p class="wp-block-paragraph">Ao longo da minha carreira cromática, eu tentei mostrar a cor como uma SITUAÇÃO FUGIDIA, como uma REALIDADE AUTÔNOMA EM CONSTANTE MUTAÇÃO.</p>



<p class="wp-block-paragraph"><em>É uma realidade&nbsp;</em>porque os eventos ocorrem no espaço e no tempo real; eles não têm passado ou futuro, existem no presente perpétuo.</p>



<p class="wp-block-paragraph"><em>É autônoma&nbsp;</em>porque sua expressão não depende de forma, especificidade ou mesmo de um suporte.</p>



<p class="wp-block-paragraph">Quando essas qualidades forem reconhecidas, uma dialética diferente poderá se materializar entre o observador e a obra de arte, o que abrirá um NOVO CANAL DE COMPREENSÃO.</p>



<p class="wp-block-paragraph"><em>Os observadores então poderão&nbsp;</em>descobrir&nbsp;<em>sua habilidade de criar e destruir a cor através de seus próprios meios de percepção; e também poderão encontrar sua própria identificação emocional.</em></p>



<p class="wp-block-paragraph">Nas minhas obras, a cor aparece e desaparece durante o diálogo com o espaço e o tempo reais. O que também aparece é o fato inegável de que a informação que nós absorvemos e o conhecimento que memorizamos ao longo da vida provavelmente não são verdadeiros&#8230; pelo menos até certo ponto.</p>



<p class="wp-block-paragraph">Graças à cor – quando é abordada através de uma “visão elementar” livre de significados preexistentes – podemos despertar outros mecanismos sensoriais de apreensão que são mais sutis e complexos do que aqueles gravados em nós por nosso condicionamento cultural e a enxurrada de informações que é onipresente na sociedade contemporânea.</p>



<p class="wp-block-paragraph">Carlos Cruz-Díez, Paris , 1969</p>



<p class="wp-block-paragraph"><strong>Galeria de fotos</strong></p>



<figure class="wp-block-image size-large"><img data-recalc-dims="1" loading="lazy" decoding="async" width="525" height="290" data-attachment-id="1832" data-permalink="https://galeria-ipanema.com/en/cruz-diez-um-olhar-sobre-a-cor/cruz_diez_transchromie_foto_interna-1/" data-orig-file="https://i0.wp.com/galeria-ipanema.com/wp-content/uploads/2020/02/cruz_diez_transchromie_foto_interna-1.jpg?fit=649%2C358&amp;ssl=1" data-orig-size="649,358" data-comments-opened="1" data-image-meta="{&quot;aperture&quot;:&quot;0&quot;,&quot;credit&quot;:&quot;&quot;,&quot;camera&quot;:&quot;&quot;,&quot;caption&quot;:&quot;&quot;,&quot;created_timestamp&quot;:&quot;0&quot;,&quot;copyright&quot;:&quot;&quot;,&quot;focal_length&quot;:&quot;0&quot;,&quot;iso&quot;:&quot;0&quot;,&quot;shutter_speed&quot;:&quot;0&quot;,&quot;title&quot;:&quot;&quot;,&quot;orientation&quot;:&quot;1&quot;}" data-image-title="cruz_diez_transchromie_foto_interna-1" data-image-description="" data-image-caption="" data-large-file="https://i0.wp.com/galeria-ipanema.com/wp-content/uploads/2020/02/cruz_diez_transchromie_foto_interna-1.jpg?fit=525%2C290&amp;ssl=1" src="https://i0.wp.com/galeria-ipanema.com/wp-content/uploads/2020/02/cruz_diez_transchromie_foto_interna-1.jpg?resize=525%2C290&#038;ssl=1" alt="" class="wp-image-1832" srcset="https://i0.wp.com/galeria-ipanema.com/wp-content/uploads/2020/02/cruz_diez_transchromie_foto_interna-1.jpg?w=649&amp;ssl=1 649w, https://i0.wp.com/galeria-ipanema.com/wp-content/uploads/2020/02/cruz_diez_transchromie_foto_interna-1.jpg?resize=300%2C165&amp;ssl=1 300w" sizes="auto, (max-width: 525px) 100vw, 525px" /></figure>



<p class="wp-block-paragraph"></p>

<p>Ano da exposição: 2014 Carlos Cruz-Díez é considerado o grande nome da arte cinética mundial. Sua proposta artística, uma das mais originais do movimento, posiciona solidamente o tema da cor entre os pensadores contemporâneos. A carreira artística do Maestro Carlos – um dos últimos pensadores da cor do século XX – tem sido permanentemente marcada &hellip; </p>
<p class="link-more"><a href="https://galeria-ipanema.com/en/cruz-diez-um-olhar-sobre-a-cor/" class="more-link">Continue reading<span class="screen-reader-text"> &#8220;Cruz-Díez: Um olhar sobre a cor&#8221;</span></a></p>
